
29, 1579, 16417
What are the prime factors of 87650075?
5, 53, 83, 797
List the prime factors of 800326442.
2, 17, 31, 367, 2069
What are the prime factors of 8907780290?
2, 5, 890778029
List the prime factors of 8458134.
2, 3, 149, 9461
What are the prime factors of 54939914?
2, 3461, 7937
What are the prime factors of 339631722?
2, 3, 31, 608659
What are the prime factors of 321258492?
2, 3, 8923847
List the prime factors of 352533340.
2, 5, 179, 98473
List the prime factors of 688946347.
23, 859, 34871
What are the prime factors of 279189522?
2, 3, 73, 179, 1187
What are the prime factors of 29889093?
3, 13, 766387
List the prime factors of 7953178.
2, 17, 233917
What are the prime factors of 62180296?
2, 31, 250727
List the prime factors of 56395406.
2, 199, 141697
List the prime factors of 1556305910.
2, 5, 197, 790003
What are the prime factors of 174214423?
1871, 93113
What are the prime factors of 51376589?
11, 19, 245821
What are the prime factors of 137064010?
2, 5, 13706401
List the prime factors of 353534064.
2, 3, 13, 19, 29819
List the prime factors of 2010957192.
2, 3, 1034443
List the prime factors of 2373025561.
2373025561
List the prime factors of 70553050.
2, 5, 1411061
List the prime factors of 302842507.
11, 43, 640259
List the prime factors of 194721504.
2, 3, 307, 6607
List the prime factors of 70940675.
5, 13, 218279
List the prime factors of 131411738.
2, 461, 142529
What are the prime factors of 184049042?
2, 92024521
What are the prime factors of 96633831?
3, 7, 17, 38669
List the prime factors of 21394717.
1759, 12163
List the prime factors of 80881829.
7, 1123, 10289
List the prime factors of 64812937.
7, 37, 5107
What are the prime factors of 2000759785?
5, 5923, 67559
What are the prime factors of 3055307791?
251, 1783, 6827
What are the prime factors of 2633774180?
2, 5, 8821, 14929
What are the prime factors of 7164142?
2, 1597, 2243
What are the prime factors of 1323204849?
3, 41, 257, 4651
List the prime factors of 411066719.
7, 137, 499, 859
What are the prime factors of 1143613211?
13, 19, 4630013
List the prime factors of 2223164404.
2, 555791101
What are the prime factors of 187244010?
2, 3, 5, 29, 71741
What are the prime factors of 496176611?
7, 109, 197, 3301
What are the prime factors of 457449116?
2, 23, 419, 11867
What are the prime factors of 617683400?
2, 5, 23, 47, 2857
List the prime factors of 230552492.
2, 57638123
What are the prime factors of 281442912?
2, 3, 29, 43, 2351
What are the prime factors of 1422361089?
3, 158040121
List the prime factors of 755545178.
2, 17, 29, 766273
What are the prime factors of 142685880?
2, 3, 5, 67, 17747
What are the prime factors of 210464095?
5, 241, 174659
What are the prime factors of 3715691270?
2, 5, 421, 882587
What are the prime factors of 63033942?
2, 3, 71, 79, 1873
What are the prime factors of 95021514?
2, 3, 7, 577, 1307
What are the prime factors of 285119059?
31, 9197389
List the prime factors of 69928748.
2, 17482187
What are the prime factors of 80391470?
2, 5, 17, 19, 24889
What are the prime factors of 834346051?
7, 11, 10835663
List the prime factors of 1943849185.
5, 43, 157, 57587
What are the prime factors of 350852795?
5, 70170559
List the prime factors of 2915634978.
2, 3, 59, 2745419
List the prime factors of 48928685.
5, 13, 251, 2999
What are the prime factors of 213486029?
4391, 48619
What are the prime factors of 169654360?
2, 5, 241, 17599
What are the prime factors of 1346169760?
2, 5, 13, 19, 23, 1481
List the prime factors of 328852873.
23, 199, 71849
List the prime factors of 914989731.
3, 304996577
List the prime factors of 4788704027.
4788704027
What are the prime factors of 772180426?
2, 17, 23, 31, 53, 601
List the prime factors of 3282348788.
2, 820587197
List the prime factors of 1373064636.
2, 3, 17, 6730709
List the prime factors of 22226567.
11, 2020597
What are the prime factors of 536973260?
2, 5, 26848663
List the prime factors of 910595694.
2, 3, 151765949
List the prime factors of 3553718978.
2, 103, 17251063
What are the prime factors of 1152558748?
2, 11, 73, 358829
What are the prime factors of 405965321?
17, 23880313
List the prime factors of 588308175.
3, 5, 7, 13, 59, 487
List the prime factors of 54633933.
3, 224831
List the prime factors of 147246374.
2, 11, 631, 10607
What are the prime factors of 76158491?
73, 929, 1123
What are the prime factors of 63968762?
2, 11, 13, 223667
List the prime factors of 2600861669.
7, 371551667
List the prime factors of 847050348.
2, 3, 23, 661, 4643
What are the prime factors of 944265515?
5, 19, 9939637
List the prime factors of 660057166.
2, 79, 103, 40559
What are the prime factors of 714531205?
5, 113, 1264657
List the prime factors of 107427288.
2, 3, 4476137
What are the prime factors of 43608371?
127, 343373
List the prime factors of 103196482.
2, 67, 770123
List the prime factors of 682307169.
3, 1471, 154613
What are the prime factors of 32343366?
2, 3, 11, 523, 937
What are the prime factors of 2798197529?
73, 541, 70853
What are the prime factors of 2251070694?
2, 3, 125059483
List the prime factors of 56019904.
2, 19, 23, 2003
What are the prime factors of 774919680?
2, 3, 5, 23, 41, 107
List the prime factors of 650090767.
29, 22416923
What are the prime factors of 194151851?
41, 709, 6679
What are the prime factors of 1757207377?
47, 367, 101873
List the prime factors of 241439825.
5, 11, 241, 3643
What are the prime factors of 60336310?
2, 5, 43, 140317
What are the prime factors of 23920656?
2, 3, 607, 821
What are the prime factors of 23456883?
3, 7818961
What are the prime factors of 33661831?
7, 773, 6221
List the prime factors of 3233098737.
3, 11, 32657563
List the prime factors of 273413869.
83, 3294143
List the prime factors of 113612259.
3, 659, 57467
What are the prime factors of 300933107?
3779, 79633
What are the prime factors of 907302187?
11, 82482017
List the prime factors of 114177367.
114177367
List the prime factors of 366270891.
3, 7, 131, 211, 631
What are the prime factors of 3750893881?
7, 107, 233, 21493
List the prime factors of 3284401621.
89, 751, 49139
What are the prime factors of 19168380?
2, 3, 5, 7, 11, 461
What are the prime factors of 128931426?
2, 3, 13, 20407
List the prime factors of 76428664.
2, 13, 73, 10067
What are the prime factors of 61364186?
2, 13, 17, 19, 7307
List the prime factors of 20863394.
2, 47, 221951
List the prime factors of 5424915947.
11, 179, 2755163
List the prime factors of 1441447688.
2, 180180961
List the prime factors of 23768457.
3, 71, 151, 739
List the prime factors of 347988837.
3, 7, 977, 2423
What are the prime factors of 1129757866?
2, 564878933
List the prime factors of 16091342.
2, 8045671
What are the prime factors of 2023198619?
13, 1061, 146683
What are the prime factors of 20332042?
2, 349, 29129
What are the prime factors of 94169615?
5, 18833923
List the prime factors of 54980695.
5, 7, 11, 23, 887
What are the prime factors of 1059300672?
2, 3, 5517191
What are the prime factors of 149091839?
13, 11468603
List the prime factors of 5058020023.
7, 2411, 299699
List the prime factors of 15225979.
47, 323957
List the prime factors of 8247711003.
3, 7, 41, 191, 50153
List the prime factors of 1820430272.
2, 28444223
List the prime factors of 2437412.
2, 37, 43, 383
What are the prime factors of 386156399?
19, 20324021
List the prime factors of 6267731692.
2, 103, 653, 23297
List the prime factors of 354866882.
2, 433, 409777
List the prime factors of 1334219919.
3, 19, 2357, 9931
What are the prime factors of 10901667?
3, 7, 74161
What are the prime factors of 786535468?
2, 1039, 189253
What are the prime factors of 151411250?
2, 5, 89, 1361
What are the prime factors of 348292235?
5, 69658447
List the prime factors of 169234579.
5227, 32377
What are the prime factors of 58488274?
2, 13, 83, 27103
What are the prime factors of 1114586730?
2, 3, 5, 1376033
What are the prime factors of 1534547493?
3, 43, 131, 30269
What are the prime factors of 112991575?
5, 19, 237877
List the prime factors of 62318731.
751, 82981
List the prime factors of 67146336.
2, 3, 53, 83
List the prime factors of 2134979917.
7, 304997131
List the prime factors of 102615689.
11, 17, 37, 14831
List t